{"id":3152,"date":"2014-11-23T21:56:00","date_gmt":"2014-11-23T21:56:00","guid":{"rendered":"http:\/\/www.timtransportes.com\/home\/?page_id=3152"},"modified":"2018-08-15T17:01:21","modified_gmt":"2018-08-15T17:01:21","slug":"servicos-atuacao","status":"publish","type":"page","link":"http:\/\/www.timtransportes.com\/home\/servicos-atuacao\/","title":{"rendered":"SERVI\u00c7OS \/ ATUA\u00c7\u00c3O"},"content":{"rendered":"<div class=\"shortcode1-3 \">\nCom origem em Goi\u00e1s e destinos para 21\u00a0estados e Distrito Federal:<\/p>\n<h3>ESTADOS ATENDIDOS<\/h3>\n<p><strong>CENTRO OESTE:<\/strong><br \/>\nMT,MS,GO, DF e TO.<br \/>\n<strong>SUDESTE:<\/strong><br \/>\nSP e MG.<br \/>\n<strong>SUL:<\/strong><br \/>\nPR, SC e RS.<br \/>\n<strong>NORTE:<\/strong><br \/>\nPA,MA,RO, AC, RR, AM e AP.<br \/>\n<strong>NORDESTE:<\/strong><br \/>\nBA,AL,SE,PB,PE,CE ,PI e RN.\n<\/div>\n<div class=\"shortcode2-3 last\"><img loading=\"lazy\" class=\"alignnone wp-image-3433 size-full\" src=\"http:\/\/www.timtransportes.com\/home\/wp-content\/uploads\/2018\/08\/mapa-do-brasil.png\" alt=\"\" width=\"413\" height=\"410\" srcset=\"http:\/\/www.timtransportes.com\/home\/wp-content\/uploads\/2018\/08\/mapa-do-brasil.png 413w, http:\/\/www.timtransportes.com\/home\/wp-content\/uploads\/2018\/08\/mapa-do-brasil-150x150.png 150w, http:\/\/www.timtransportes.com\/home\/wp-content\/uploads\/2018\/08\/mapa-do-brasil-300x298.png 300w, http:\/\/www.timtransportes.com\/home\/wp-content\/uploads\/2018\/08\/mapa-do-brasil-252x250.png 252w, http:\/\/www.timtransportes.com\/home\/wp-content\/uploads\/2018\/08\/mapa-do-brasil-60x60.png 60w\" sizes=\"(max-width: 413px) 100vw, 413px\" \/><\/div>\n<div class=\"clear\"><\/div>\n<div class=\"clear\"><\/div>\n<div class=\"divider-scroll-top\"><\/div>\n<div class=\"gdl-divider\"><\/div>\n<div class=\"clear\" style=\" height:20px;\" ><\/div>\n<div class=\"message-box-wrapper green\">\n<div class=\"message-box-title\">AP\u00d3LICE DE SEGUROS<\/div>\n<div class=\"message-box-content\">\nHDI com gerenciamento de risco PANCARY.\n<\/div>\n<\/div>\n<div class=\"clear\"><\/div>\n<div class=\"divider-scroll-top\"><\/div>\n<div class=\"gdl-divider\"><\/div>\n<div class=\"clear\" style=\" height:20px;\" ><\/div>\n<ul class='gdl-accordion'>\n<li class=\"active\">\n<h2 class='accordion-title'>Transporte de Gr\u00e3os em geral<\/h2>\n<div class='accordion-content'>\n<p style=\"text-align: justify;\">Atuamos com grande for\u00e7a e compet\u00eancia no transporte e cargas secas e a granel, entre eles: milho, sorgo, soja, arroz, feij\u00e3o, ra\u00e7\u00e3o, sementes e fertilizantes entre outros. Disponibilizamos os ve\u00edculos para sua empresa, reduzindo custos e a garantia do melhor servi\u00e7o prestado.<\/p>\n<\/div>\n<\/li>\n<li >\n<h2 class='accordion-title'>Transporte de Bens de Consumo<\/h2>\n<div class='accordion-content'>\n<p style=\"text-align: justify;\">Alimentos, Higiene, Lacteos e Limpeza<br \/>\nCom cargas palletizadas ou Manuais, com as mais variadas opera\u00e7\u00f5es log\u00edsticas, porta a porta, Transferencias inter fabricas ou CDs, clientes entregas diretas e fracionadas.<\/p>\n<\/div>\n<\/li>\n<li >\n<h2 class='accordion-title'>Transporte de Insumos e Materiais de constru\u00e7\u00e3o civil<\/h2>\n<div class='accordion-content'>\n<p style=\"text-align: justify;\">Temos em nosso Hall de clientes, construtoras de Termo el\u00e9tricas, Industrias de isolantes t\u00e9rmicos e sol\u00faveis Portlands.<\/p>\n<\/div>\n<\/li>\n<\/ul>\n","protected":false},"excerpt":{"rendered":"","protected":false},"author":2,"featured_media":0,"parent":0,"menu_order":0,"comment_status":"closed","ping_status":"closed","template":"","meta":[],"_links":{"self":[{"href":"http:\/\/www.timtransportes.com\/home\/wp-json\/wp\/v2\/pages\/3152"}],"collection":[{"href":"http:\/\/www.timtransportes.com\/home\/wp-json\/wp\/v2\/pages"}],"about":[{"href":"http:\/\/www.timtransportes.com\/home\/wp-json\/wp\/v2\/types\/page"}],"author":[{"embeddable":true,"href":"http:\/\/www.timtransportes.com\/home\/wp-json\/wp\/v2\/users\/2"}],"replies":[{"embeddable":true,"href":"http:\/\/www.timtransportes.com\/home\/wp-json\/wp\/v2\/comments?post=3152"}],"version-history":[{"count":18,"href":"http:\/\/www.timtransportes.com\/home\/wp-json\/wp\/v2\/pages\/3152\/revisions"}],"predecessor-version":[{"id":3437,"href":"http:\/\/www.timtransportes.com\/home\/wp-json\/wp\/v2\/pages\/3152\/revisions\/3437"}],"wp:attachment":[{"href":"http:\/\/www.timtransportes.com\/home\/wp-json\/wp\/v2\/media?parent=3152"}],"curies":[{"name":"wp","href":"https:\/\/api.w.org\/{rel}","templated":true}]}}