{"id":3148,"date":"2014-11-23T21:55:38","date_gmt":"2014-11-23T21:55:38","guid":{"rendered":"http:\/\/www.timtransportes.com\/home\/?page_id=3148"},"modified":"2014-12-15T15:12:25","modified_gmt":"2014-12-15T15:12:25","slug":"empresa","status":"publish","type":"page","link":"http:\/\/www.timtransportes.com\/home\/empresa\/","title":{"rendered":"EMPRESA"},"content":{"rendered":"<p style=\"text-align: justify;\"><strong>TIM TRANSPORTES DE CARGAS EIRELI,<\/strong> empresa constitu\u00edda em 14 de junho de 2007, com sede em Goi\u00e2nia-GO, possui equipe de profissionais altamente qualificados para atender e satisfazer as expectativas de nossos clientes, dentro dos melhores padr\u00f5es exigidos no mercado de transportes rodovi\u00e1rio descargas.<br \/>\nConta com frota pr\u00f3pria composta de cavalos mec\u00e2nicos, semi-reboques rodo-trens, bi-trens, LS, graneleiros, Ba\u00fas, siders e tampas baixas, gerenciadas operacionalmente dentro das normas t\u00e9cnicas e legais do setor, obedecendo a regulamenta\u00e7\u00e3o especifica de cada Estado. Conta tamb\u00e9m com a seguran\u00e7a de rastreamento via sat\u00e9lite, onde se pode obter a posi\u00e7\u00e3o exata de cada ve\u00edculo em tempo real, adicionando \u00e0 sua capacidade log\u00edstica a efici\u00eancia e seguran\u00e7a aos seus clientes.<\/p>\n<ul class='gdl-accordion'>\n<li class=\"active\">\n<h2 class='accordion-title'>MISS\u00c3O<\/h2>\n<div class='accordion-content'>\n<p style=\"text-align: justify;\">Superar as expectativas de nossos clientes atrav\u00e9s do melhor servi\u00e7o em transporte rodovi\u00e1rio de cargas contribuindo para o desenvolvimento de nosso pa\u00eds. Oferecer solu\u00e7\u00f5es r\u00e1pidas de transporte com propriedade e efici\u00eancia, utilizando equipamentos log\u00edsticos modernos, garantir a a\u00e7\u00e3o perfeita no seguimento de transporte e construir uma rela\u00e7\u00e3o de confian\u00e7a no transporte de seus produtos. E, possibilitar ascens\u00e3o profissional dos colaboradores garantindo a melhoria na qualidade de vida da comunidade prestadora de servi\u00e7os.<\/p>\n<\/div>\n<\/li>\n<li >\n<h2 class='accordion-title'>VIS\u00c3O<\/h2>\n<div class='accordion-content'>\n<p style=\"text-align: justify;\">Ser reconhecida pela sociedade como a melhor empresa de transporte rodovi\u00e1rio de cargas na prefer\u00eancia dos clientes, aumentando gradativamente nossos servi\u00e7os garantindo qualidade e uma rentabilidade equitativa pelo capital investido.<\/p>\n<\/div>\n<\/li>\n<li >\n<h2 class='accordion-title'>CREN\u00c7A<\/h2>\n<div class='accordion-content'>\n<p style=\"text-align: justify;\">&#8220;Acreditarmos em DEUS. Acreditamos que um dos principais diferenciais competitivos \u00e9 o potencial das pessoas, acreditarmos tamb\u00e9m que por mais simples que seja a fun\u00e7\u00e3o, as pessoas preparadas e motivadas fazem a diferen\u00e7a, atribu\u00edmos ao Capital Humano o maior patrim\u00f4nio de nossa empresa. Atrav\u00e9s deste Bem conseguimos inovar, criar, melhorar e crescer. Este capital direcionado e apoiado, que nos permite alcan\u00e7ar os resultados necess\u00e1rios para perpetuar a empresa.<\/p>\n<\/div>\n<\/li>\n<li >\n<h2 class='accordion-title'>VALORES<\/h2>\n<div class='accordion-content'>\n<div class=\"shortcode-list bullet\">\n<ul>\n<li>Planejamento<\/li>\n<li>Disciplina<\/li>\n<li>Determina\u00e7\u00e3o<\/li>\n<li>Franqueza<\/li>\n<li>Disponibilidade<\/li>\n<li>Pontualidade<\/li>\n<\/ul>\n<\/div>\n<\/div>\n<\/li>\n<\/ul>\n","protected":false},"excerpt":{"rendered":"<p>TIM TRANSPORTES DE CARGAS EIRELI, empresa constitu\u00edda em 14 de junho de 2007, com sede em Goi\u00e2nia-GO, possui equipe de profissionais altamente qualificados para atender e satisfazer as expectativas de nossos clientes, dentro dos melhores padr\u00f5es exigidos no mercado de transportes rodovi\u00e1rio descargas. Conta com frota pr\u00f3pria composta de cavalos mec\u00e2nicos, semi-reboques rodo-trens, bi-trens, LS, graneleiros, Ba\u00fas, siders e tampas baixas, gerenciadas operacionalmente dentro das normas t\u00e9cnicas e legais do setor, obedecendo a regulamenta\u00e7\u00e3o especifica de cada Estado. Conta tamb\u00e9m com a seguran\u00e7a de rastreamento via sat\u00e9lite, onde se pode obter a posi\u00e7\u00e3o exata de cada ve\u00edculo em tempo real, adicionando \u00e0 sua capacidade log\u00edstica a efici\u00eancia e seguran\u00e7a aos seus clientes.<\/p>\n","protected":false},"author":2,"featured_media":0,"parent":0,"menu_order":0,"comment_status":"closed","ping_status":"closed","template":"","meta":[],"_links":{"self":[{"href":"http:\/\/www.timtransportes.com\/home\/wp-json\/wp\/v2\/pages\/3148"}],"collection":[{"href":"http:\/\/www.timtransportes.com\/home\/wp-json\/wp\/v2\/pages"}],"about":[{"href":"http:\/\/www.timtransportes.com\/home\/wp-json\/wp\/v2\/types\/page"}],"author":[{"embeddable":true,"href":"http:\/\/www.timtransportes.com\/home\/wp-json\/wp\/v2\/users\/2"}],"replies":[{"embeddable":true,"href":"http:\/\/www.timtransportes.com\/home\/wp-json\/wp\/v2\/comments?post=3148"}],"version-history":[{"count":10,"href":"http:\/\/www.timtransportes.com\/home\/wp-json\/wp\/v2\/pages\/3148\/revisions"}],"predecessor-version":[{"id":3327,"href":"http:\/\/www.timtransportes.com\/home\/wp-json\/wp\/v2\/pages\/3148\/revisions\/3327"}],"wp:attachment":[{"href":"http:\/\/www.timtransportes.com\/home\/wp-json\/wp\/v2\/media?parent=3148"}],"curies":[{"name":"wp","href":"https:\/\/api.w.org\/{rel}","templated":true}]}}